pose -5*m - 2*i = -4*i + 40, -45 = 2*m + b*i. What is the units digit of m/(-8) - (-8)/(-32)?
1
Let v(x) = x - 20. Let j be v(13). Let w(d) = -d**2 - 9*d + 6. Let b be w(-8). Let i = j + b. What is the units digit of i?
7
Suppose p + 3*b - 19 = -0*b, -2*p + 3*b - 7 = 0. Let x(l) = l + 12. Let c be x(-6). Suppose 2*i - p = c. What is the units digit of i?
5
Let y = 134 - 68. What is the tens digit of y?
6
Let o(w) = -6*w - 11. What is the tens digit of o(-6)?
2
Suppose 13*x = 4*x + 549. What is the tens digit of x?
6
Suppose 2*p + 92 = 4*p. Suppose 5*f - u - p = 0, 7*f - 2*f - 40 = -5*u. What is the units digit of f?
9
Let p(s) = s. What is the units digit of p(12)?
2
Suppose 2*s + 8*f - 28 = 3*f, s - 14 = 3*f. What is the units digit of (s/3)/((-2)/(-3))?
7
Suppose 4*q = 2*q + 20. What is the tens digit of q?
1
What is the units digit of ((-30)/25)/(4/(-90))?
7
Let w = -8 + 12. What is the units digit of -6 + 5 + w*1?
3
Suppose 387 = 3*p - 6*z + 5*z, 4*z + 140 = p. What is the units digit of p?
8
What is the tens digit of (0/(-4) + -1)*-23?
2
Let m = -3 - -3. Suppose -20 = -c - 5*g, -3*c - 2*c + 5*g - 20 = m. What is the units digit of (1 - c)*-2 - -5?
3
Let k = -50 - -95. What is the tens digit of k?
4
Let l(c) = c**2 - 12*c + 65. What is the hundreds digit of l(19)?
1
Let f(g) = 6*g - 3. What is the units digit of f(6)?
3
Let a = 43 + -6. Suppose a = 4*o - 39. What is the tens digit of o?
1
Suppose -8*c + 659 = -461. What is the units digit of c?
0
Suppose 5 = z - 0. Suppose 4 = n - z. What is the units digit of n?
9
Suppose -4*j - 9 = -y, j = 4*y - 37 + 16. What is the units digit of 96/20 + 1/y?
5
Let y(t) = -t**2 + 16*t + 11. Let l = -21 + 37. What is the units digit of y(l)?
1
Suppose 2*l - 216 = 5*o + 62, 4*l - 2*o = 540. What is the hundreds digit of l?
1
Let c(t) = 2*t - 1. What is the units digit of c(1)?
1
Let i(n) = 2*n**2 - 8*n + 13. What is the units digit of i(7)?
5
What is the units digit of (-6)/27 - -1 - (-2)/9?
1
Suppose 5*g - 3*g = o + 4, 0 = -2*g - 2*o + 4. Suppose 6 = 2*d - g. What is the units digit of d?
4
Let m(t) = -t**3 - t**2 - t - 8. Let p be m(0). Let h = p + 14. What is the units digit of h?
6
Let p be (1 + (0 - -2))*1. Suppose 2*v = v - p*a + 9, 3*a = -5*v + 93. What is the units digit of v?
1
Let u(b) = 3*b - 17. What is the units digit of u(7)?
4
Suppose 0 = 5*x + 5*j - 4*j - 15, -21 = 2*x - 5*j. Suppose k = -3*p + 4, -k = 3*p + 3*k - 7. What is the units digit of (p/x)/(2/4)?
1
Suppose -10 = 2*x + 3*d, 0 = -5*x + 5*d - 0*d. Let w(i) = -i**3 - 2*i**2 - 2*i. What is the units digit of w(x)?
4
Suppose -14 = -4*x + 6. Suppose 2*l - 1 = x. What is the units digit of l?
3
Let c be 4*(-3)/(-6) - -1. Let j be (11 - c)/((-2)/(-3)). Suppose -j - 5 = -y. What is the tens digit of y?
1
Let r(i) = -3*i - 3. Let v be r(-2). Suppose 3*a - v*z + 10 = 49, -2*a + 22 = -3*z. What is the tens digit of a?
1
Let z = 10 + -5. Suppose z*o - 33 = 22. What is the tens digit of o?
1
Let b = -1 - -1. Let v be 31/5 + (-5)/25. Suppose b*o = -o + v. What is the units digit of o?
6
Let b(t) = -t**2 - 10*t + 11. Suppose 80 = -4*m + 4*y, 3*m - 2*m + 26 = -y. Let n = m - -13. What is the tens digit of b(n)?
1
Suppose -6*o + 2*o - 48 = 0. What is the units digit of 4/o - 57/(-9)?
6
Let o = 101 - 3. What is the tens digit of o?
9
Let i(n) = -n - 10. Let x be i(-10). Suppose -r - 4*u + 10 = -x*u, -2*r + 30 = 3*u. What is the units digit of r?
8
Let y = -10 + 6. Suppose 108 = -7*v + 4*v. What is the units digit of 1/y - v/16?
2
Let n(p) = p**2 - 7*p - 2. Let h be n(8). Suppose l = h*l - 20. What is the units digit of l?
4
What is the tens digit of -1 + -4 + (4 - -54)?
5
Let o = -22 - -39. What is the units digit of o?
7
Let q = -17 - -32. Let n = -19 + 23. Suppose 0*w = 3*w + 5*h + 6, -n*w = -h - q. What is the units digit of w?
3
Suppose m = -o + 2*o - 38, o - 8 = -5*m. What is the tens digit of o?
3
Suppose r = -b + 14, -b - 5*r = -25 + 7. Let y = b - 8. Suppose y*g - g - 20 = 0. What is the units digit of g?
5
Let s be 3/(-3)*14/(-2). Suppose x - s = 11. What is the tens digit of x?
1
Suppose 38 + 28 = j. What is the tens digit of j?
6
Let g = 3 - 2. What is the units digit of g?
1
Suppose 2*c = -2*c + 4. Suppose m = 14 - c. What is the tens digit of m?
1
Let g(c) = 5*c**3 + 1 - 2*c**2 + 2*c**2 + 4*c**3. What is the tens digit of g(1)?
1
Let v be 210/24 - (-1)/4. Suppose s = -2*s + v. Let g(n) = 3*n - 4. What is the units digit of g(s)?
5
Suppose -5*d - 2 = 5*h - 42, -5*d = -h - 40. Suppose 0 = -5*o + y - d, -2*y - 1 = 3. What is the units digit of o/(-4)*(-4)/(-1)?
2
Let n be -7 - -8 - -1*1. Suppose 0 = 3*s + n*t - 73, 4*t + 6 = s + t. What is the units digit of s?
1
Suppose -2*i + 2*j - 88 = 0, i = 6*i - 3*j + 216. What is the units digit of (-46)/(-14) + 12/i?
3
Suppose 0 = -0*v - 2*v + 22. Suppose -m - 1 = j, -2*j = -3*j + 3*m + v. Suppose -5*t + j*t + 21 = 0. What is the units digit of t?
7
Let c(r) = r**3 - 2*r. Suppose 0 = n - 0*n. Let v(z) = z**2 + z + 2. Let b be v(n). What is the units digit of c(b)?
4
Let r(d) = d - 1. Let v = 17 + -12. Suppose 5*k + 13 = v*j - 47, 4*k - 1 = -3*j. What is the units digit of r(j)?
6
Suppose 22 = -2*a + 182. What is the tens digit of a?
8
Let z be 0 - 1/(1/3). What is the units digit of (2/(-3))/(1/z)?
2
Let j be ((-12)/(-7))/((-12)/(-126)). Suppose j = -3*x + 6*x. Suppose -x*m = 5*z - 5*m - 22, -2 = -z - m. What is the units digit of z?
5
Suppose 0 = -5*p + 9*p - 264. What is the tens digit of p?
6
Suppose r - 1 - 1 = 0. Suppose -r*s - 4*z + 68 = 0, -2*s - 5*z = -5*s + 69. What is the tens digit of s?
2
Let r = 9 + -13. Let t be (10/r)/(2/(-4)). Let m = 6 - t. What is the units digit of m?
1
Suppose 3*d - 471 - 6 = 0. What is the tens digit of d?
5
Suppose 0 = u + 5*r + 23, -u - 3*r - 5 = 4*u. Suppose 0 = 5*h + 5, -3*l + 7*h = 2*h - 53. What is the tens digit of u/(-8) + 228/l?
1
Suppose 5*y + 9 = 3*b - 143, -2*y = 2*b - 80. What is the units digit of b?
4
Let s(g) = 12*g - 3. Suppose 4*f + 1 - 17 = 0. What is the units digit of s(f)?
5
Let x(n) = n**2 - 2*n. Let j be x(2). Suppose 3*l - 4*l + z + 8 = j, 0 = 2*l + 4*z + 2. What is the units digit of l?
5
Let o be 11/13 + 8/52. What is the tens digit of o*24 - 12/(-3)?
2
Suppose 4*o + 3 - 15 = 0. Let m be (2/o)/(2/93). Let x = -22 + m. What is the units digit of x?
9
Let i = 19 + 13. Suppose -4*y + 4 - i = -4*s, -4*y + 32 = s. What is the tens digit of s?
1
Let k = 131 - 61. Let u = k - 42. Let l = -9 + u. What is the units digit of l?
9
Let w be ((-5)/4)/(1/(-4)). Let i(y) = y**3 - 5*y**2 + 4*y - 2. Let x be i(w). Let c = x - 13. What is the units digit of c?
5
Let c = 46 - 18. What is the units digit of c?
8
Let h = 11 + -7. Suppose 0 = 3*u - h*l - 33, 10 + 14 = 2*u - 2*l. What is the tens digit of u?
1
Suppose 0 = 2*y - 39 - 61. Suppose -3*t + y = 2*t. What is the units digit of t?
0
What is the units digit of (-33)/(-2)*(-7)/((-42)/8)?
2
Suppose -4*d = -2*d. Let k = d - -5. What is the units digit of (-10)/(-4)*14/k?
7
What is the hundreds digit of 489/2 - (-5)/(-40)*-4?
2
Suppose 0*n - n + 2*w = -2, 4*w - 16 = -3*n. Suppose 8*l = n*l + 44. What is the units digit of l?
1
Let c be (-4)/(-6)*90/12. Let u(s) = s**2 - 5*s + 3. What is the units digit of u(c)?
3
What is the tens digit of -1 - (9/(-3) - 96)?
9
Let i = 25 - 23. Suppose -20 = -i*b + 34. What is the units digit of b?
7
Let f = -12 + 80. What is the units digit of f?
8
What is the tens digit of 69*(2 - -1) + -4?
0
Let k = 0 + 0. Let c(y) = -4*y**2 + 6 + 2*y**2 + y**2. What is the units digit of c(k)?
6
What is the units digit of (-34 - 4)*1/(-2)?
9
Let h = -290 - -569. What is the tens digit of h?
7
Let n(k) = -k**2 + 5*k + 3. Let m be n(6). Let y = 15 + m. What is the units digit of y?
2
Let w be (-3)/(2*3)*-4. Let u be w*((-50)/4)/(-5). Suppose 5*q = 2*z - u, -18 = q - 5*z + 6. What is the units digit of q?
1
What is the units digit of (0 - (-13)/2)*(-1 + 15)?
1
Suppose -3*u + 10 - 1 = 0. Suppose -2*f + 15 + u = 0. What is the units digit of f?
9
Suppose u - 15 = 5*f, 5*u + 20 = -f - 9. Let h be -9*(u/3)/5. Suppose -2*d + h = -3. What is the units digit of d?
3
Let i(c) = c + 5. Let p be i(-6). Let l be (-144)/10 + 4/10. Let x = p - l. What is the units digit of x?
3
Let i(p) = -84*p